0 + 5*k**4/24 - k**3/6 + k**2. Let n be c(5). Determine s(n).
2
Suppose -l - 2*l = 5*g - 40, 2*g = 4*l - 10. Suppose 16 = -5*n + 4*s, -12 = 2*n - 4*n - 3*s. Let r(c) = -c + 2*c + 0 + 2 + n. What is r(g)?
7
Let t(u) be the first derivative of u**2/2 + 2. Let j(o) = 3*o - 5. Let v(r) = -j(r) + 4*t(r). Suppose q + 2*q - 22 = -5*n, -2*q - 5*n = -18. Give v(q).
9
Let i be (-25 + 4)*(-2)/6. Suppose -5*v + i = -2*c, 2*c + 4 = -2*c. Suppose -2*p + 11 = -v. Let z(f) = -f + 7. Determine z(p).
1
Suppose -5*d - 18 = 2. Let y(j) = -j**3 - 4*j**2 - 6*j - 5. What is y(d)?
19
Let a = -1 - 1. Suppose -s - 10 = -6*s. Let t(r) = 5*r + 4*r**s + 2*r + 1 - 2*r**2 - 5*r. What is t(a)?
5
Let j(p) be the third derivative of p**8/840 - p**7/2520 + p**6/720 - p**5/120 + p**4/12 + 2*p**2. Let i(v) be the second derivative of j(v). Determine i(1).
7
Let x be (-1 + 1)/(6 - 5). Let o(k) = k + 1. What is o(x)?
1
Suppose -5*l + 56 + 24 = 0. Suppose p - 5*p - l = 0. Let q(u) be the second derivative of -u**4/12 - 2*u**3/3 - 2*u**2 + u. Calculate q(p).
-4
Let t(o) = -16*o**2 + 30*o + 30. Let i(k) = -3*k**2 + 6*k + 6. Let y(n) = 11*i(n) - 2*t(n). Calculate y(7).
-1
Let a(b) be the second derivative of 0*b**2 - 2*b + 0 + 1/6*b**3. Suppose -3*j + 2*p - 21 = 0, 2*p = -3*j + 2*j + 1. Calculate a(j).
-5
Let g be (-2 - -3 - 3)/1. Let b = 5 + g. Let x(i) = -6*i + i + b*i. Determine x(1).
-2
Let y(k) be the third derivative of -k**5/20 + k**3/6 + 2*k**2. Let n = -24 - -25. Determine y(n).
-2
Let t(b) = b. Let k(i) = 3*i - 2. Let s(p) = -k(p) + 2*t(p). Determine s(3).
-1
Let n(l) be the second derivative of -l**4/4 - l**3/3 + l**2 + 5*l. Give n(-2).
-6
Let r(y) be the second derivative of 1/12*y**4 + 2/3*y**3 + 0 - 2*y - 2*y**2. What is r(-4)?
-4
Let b(w) = -w + 4. Let a be b(4). Suppose a = -0*p - 2*p - 8. Let n(j) = -4*j - j**2 + j + 0*j + 5. Determine n(p).
1
Let t(f) be the second derivative of f**3/3 - 2*f**2 - 17*f. What is t(3)?
2
Let s(b) = b + 1. Let x(l) = 5*l**2 - l. Let f be x(1). Suppose -30 = -5*j - 0*h + 2*h, -2*j - h = -21. Let o = j - f. What is s(o)?
5
Let g(c) = c - 11. Let r be g(8). Let d be (r + 4)*6/2. Let z(m) = 2*m + 3 + 1 - 5*m. Give z(d).
-5
Let j(s) = s**3 - 5*s**2 + 4*s - 2. Let r(l) = -l**3 + 7*l**2 - 6*l + 4. Let i be r(6). What is j(i)?
-2
Let x(m) = 10*m - 4. Let u(h) = 15*h - 6. Let q(v) = 5*u(v) - 8*x(v). Determine q(-4).
22
Let p be (-1)/4 - (-2)/8. Let t(a) = -a**2 - a + 1. What is t(p)?
1
Let z(b) = 3 - 2 + 5*b**3 - b**2 + 4*b**3. Let r(v) = v + 4. Let l be r(-3). Give z(l).
9
Let c be -2 + 1 - 0 - -3. Let p(r) = -r**3 + 10*r**2 - 10*r + 10. Let x be p(9). Let m(v) = -x - 2 - v - 9*v**c - 3*v - v**3 + 5*v**2. Give m(-2).
-3
Let f be ((-6)/(-8))/((-3)/(-4)). Let o(i) = -i**2 - i + 1. Give o(f).
-1
Let a(k) = 4*k - 3*k**2 + 3 + 3*k**2 - 8 + k**2. Determine a(-5).
0
Let d(v) be the third derivative of -v**7/2520 + v**6/720 + v**4/6 - v**2. Let l(w) be the second derivative of d(w). Suppose -4*i + 3 = -1. What is l(i)?
0
Let q(o) be the second derivative of -o**3/2 + 4*o**2 + 7*o. Give q(6).
-10
Let r be (7 - 6)/(0 - 1). Let q(y) = -4*y**3 - y**2 + y + 1. Give q(r).
3
Let w(l) = l**2 + 4*l + 1. Let h(k) = 4*k**2 - 3 + k**3 - 13*k + 13*k. Let t be h(-4). Determine w(t).
-2
Let p be 0/1*1*-1. Let z = 0 - p. Let m(l) = 2*l + 8. Let j(f) = -f**2 - 2*f + 1. Let h(g) = -j(g) - m(g). What is h(z)?
-9
Let w(t) = -5*t - 7. Let m(p) = -6*p - 8. Let y(f) = -6*m(f) + 7*w(f). What is y(0)?
-1
Let k(u) = 41*u**3 - 3*u**2 - 43*u**3 - 1 + u**2 + u. Give k(-2).
5
Let z(c) = -c**2 + 3*c - 3. Let y = -161 + 113. Let w be ((-8)/16)/(2/y). Suppose w = q + 3*q. What is z(q)?
-3
Let y(t) = 46*t**2 - 10*t - 5. Let i(k) = -9*k**2 + 2*k + 1. Let p(b) = -11*i(b) - 2*y(b). Determine p(-1).
8
Let g(t) = 5*t + 3*t - 7*t + 0*t. What is g(-8)?
-8
Let r(t) = 5*t**2 - t - 1. Let d(i) = 9*i**2 - 4*i - 1. Let q(c) = 4*d(c) - 7*r(c). Calculate q(9).
3
Let p(g) = g + 4. Let q be p(-7). Let m(n) = 3*n**3 - 13*n**2 - n - 4. Let i(u) = -4*u**3 + 19*u**2 + 2*u + 6. Let b(d) = -5*i(d) - 7*m(d). Determine b(q).
-2
Let o(z) = -2*z**2 + z - 1. Let g = -6 + 7. Suppose x + g = 2. What is o(x)?
-2
Let u(n) = -n**2 + 5*n - 6. Let x be u(4). Let j(o) be the second derivative of o**4/12 - o. Determine j(x).
4
Let t(w) = -w**3 - 2*w**2 + 4*w - 1. Let v be t(-3). Let y(h) = 2*h + 2 - 6 + 3. Determine y(v).
-9
Let c(b) = -b**3 + 4*b**2 - 2. Let q = 23 + -20. Give c(q).
7
Let b(o) be the first derivative of 2*o**2 - 2*o + 6. Give b(2).
6
Let m = 9 + -8. Let d(w) = 0 - w**2 + 3 - 2*w - m. Let u(q) = q**3 + q**2 + 1. Let t be u(-2). Determine d(t).
-1
Let p be 4/3*(-3 - 0). Let t be ((-3)/2)/(6/(-12)). Let f(s) = -s**t + 4*s - 4*s**2 + 6 + s**2 + 0 + 3*s. Determine f(p).
-6
Suppose c - 4 = 5*c. Let j(v) = -4*v - 1. What is j(c)?
3
Let k(v) = 3*v - 3*v**2 - 5*v + 2*v. Suppose w + 9 + 7 = 4*p, 4 = 4*p - 4*w. Suppose -p = 3*z - 4*z - 4*j, 3*j = 3*z. Calculate k(z).
-3
Let t(d) = 4*d**3 - d**2 - 7*d - 7. Let w(v) = v**3 - 2*v - 2. Let l(h) = -2*t(h) + 9*w(h). Let b be 2/(-3) + 14/(-6). What is l(b)?
-1
Let j(a) be the third derivative of -a**4/24 + 2*a**3/3 + 9*a**2. Give j(3).
1
Let o(t) be the third derivative of -t**5/60 - t**4/24 + 7*t**3/6 + 10*t**2. Calculate o(0).
7
Let k(c) = -c - 3. Let r be k(-6). Let d(z) = 1 + 4*z**2 + 5 + 2*z - 3*z**2 + r*z. Let w be 12/(-15)*(1 - -4). What is d(w)?
2
Let f(x) = 3*x**2 - 3*x + 1. Suppose -5 = -3*s + 1. Calculate f(s).
7
Let v(b) = b**3 + b + 6. Suppose -2*w - 3*x = -4, -w = 4*w + 4*x - 10. Suppose 0 = -0*i - w*i. Determine v(i).
6
Let k = -33 - -43. Let v(t) = 2*t - 15. Calculate v(k).
5
Let w(b) = b - 5. Suppose 5*n - 5*q - 15 = 0, 5*q = -n + 18 + 9. What is w(n)?
2
Let d(u) = -2*u**2 + 2*u - 2 + 1 + 0*u**3 + 0 + 4*u**3. Give d(1).
3
Let g(c) = 2*c**2 - 10*c - 11. Let x(u) = -u**2 - u - 1. Let a(v) = g(v) + x(v). What is a(12)?
0
Let u(n) = -n**2 + 5*n + 1. Let m(f) = -f**2 + 6*f - 1. Let l be m(5). Determine u(l).
5
Let k be -1 + 1 - (1 - 1). Let v be k - 0 - 3*1. Let o(q) = q**3 + q - 5. Let y(f) = -6*f**3 - f**2 - 4*f + 26. Let p(w) = 11*o(w) + 2*y(w). What is p(v)?
-3
Suppose 3*k - 4 = 5. Suppose 0*z + k*z = 3. Let l(a) = 9*a**2 + a. Calculate l(z).
10
Let b(p) = -p**3 - 6*p**2 - p + 2. Let n be b(-6). Let c = n + -6. Let d(s) = 5*s. Let k(v) = v. Let j(f) = c*d(f) - 9*k(f). What is j(-1)?
-1
Let s(u) be the second derivative of u**3/6 + 8*u. Let t be s(0). Let d(c) be the second derivative of -c**3/6 + 3*c**2/2 - c. Give d(t).
3
Let n(j) = 2*j**3 + j**2 - j - 1. Let u be n(-1). Let s be u + (11 - (-3 + 5)). Let c(k) = -k**2 + 9*k - 11. Determine c(s).
-3
Let u = 2 + 5. Let r(d) = -d - d - 104 + 110. Give r(u).
-8
Let q(a) = -a**3 - a**2 - a + 1. Let z(m) = -5*m**3 - 2*m**2 - 4*m + 9. Let c be 3/5 + (-2)/(-5). Let n(s) = c*z(s) - 6*q(s). Determine n(-2).
7
Let t(a) = -7*a + 6. Let b(c) = 7*c**3. Let m be b(1). Let o(h) = m - 5*h + 0*h - 3*h. Let x(k) = -5*o(k) + 6*t(k). What is x(-4)?
9
Suppose -2*g - 17 = 9. Let d = g - -18. Let l(x) = x - 4 + 0*x + d. Determine l(-1).
0
Let f(n) be the second derivative of -n**6/360 + n**5/120 + n**4/6 - n**3/6 + 4*n. Let p(c) be the second derivative of f(c). Determine p(0).
4
Let f(r) = 20*r**2 + 21*r - 20. Let v(b) = -9*b**2 - 10*b + 9. Let h(n) = 4*f(n) + 9*v(n). Let i(q) = q**2 - 7*q - 5. Let m be i(7). What is h(m)?
6
Let d be (-2)/(-6) + (-22)/(-6). Let i(q) = 0 + 0*q - d*q + 1. Suppose 0 = -3*w - 3 + 6. Calculate i(w).
-3
Let q be (-291)/(-15) + 6/10. Suppose 2*m - q = 4. Let s be (8/m)/((-2)/3). Let d(f) = -8*f**3 - f**2 + f + 1. Calculate d(s).
7
Suppose -3 = 5*i - 3*o, 2*i - o = -3*i - 1. Let y(r) = -r - 2. What is y(i)?
-2
Let s(n) = -8 - 8*n + 2*n**3 - 9*n**3 + 6*n**3 - 8*n**2. Give s(-7).
-1
Let z(o) = o - 1. Suppose 0 = 3*v - 5*v - 10, 4*f + 10 = -2*v. Let w = f - -3. Determine z(w).
2
Let k(g) = g**3 + 6*g**2 + 4*g - 1. Let c be k(-5). Let z be (-2)/(-4)*(2 + -2). Suppose r + c*r = z. Let j(s) = -s**2 + 4. Determine j(r).
4
Let x(j) be the second derivative of -j**4/12 - j**3/6 - j. Suppose 1 = -b + 4. Suppose b*l + 1 = 7. What is x(l)?
-6
Let l(x) = -x + 3. Let i(c) = 2*c**2 + c**3 + 4 - 2 + 2*c + 1. Let w be i(-2). Let d be 1 - (w + 0/3). Give l(d).
1
Let f(b) = -b**2 - 9*b - 16. Let r be f(-6). Let a(t) =